 0, -3*b + 7*h = 4*h - 9. Suppose -p*o + b = -o. List the prime factors of o.
7
Let y be 2*(-3)/12*6. Let o = 3 + y. Suppose -5*l + 78 = -i, 4*i = 4*l - o*i - 72. What are the prime factors of l?
3, 5
Let z = 30 - 27. List the prime factors of z.
3
Let q(h) = -h**2 - 6*h + 5. Suppose -v + 69 = 2*v. Let s be (-1)/4 + v/(-4). List the prime factors of q(s).
5
Suppose -4 = -5*d + 6. Suppose -4*r + 2*r + 16 = -4*k, 0 = d*k + 3*r - 8. What are the prime factors of 2*1*(7 + k)?
2, 5
Let x be (2 + 1 + -2)*1. Let a be (-3)/(-2)*2/x. Suppose -a*n - 60 = -0*k - 4*k, -n + 32 = 3*k. List the prime factors of k.
2, 3
Let d(g) = -g**2 + g + 21. Let a be d(0). Suppose -2*h + 1 = -a. List the prime factors of h.
11
Suppose -3*k + 1140 = 3*k. What are the prime factors of k?
2, 5, 19
List the prime factors of ((-6)/(-15))/(1/120).
2, 3
Let z = 6 + 18. What are the prime factors of z?
2, 3
Let l(u) = 4*u - 6. What are the prime factors of l(9)?
2, 3, 5
Let y(n) = n + 8. Let g be y(-8). Let b = g + 1. List the prime factors of 8*-1*(b - 2).
2
Let y(m) = 17*m - 1. Let z(x) = -17*x. Let v(j) = 4*y(j) + 5*z(j). List the prime factors of v(-2).
2, 3, 5
Let n = 41 + -15. Suppose 5*p + 1 = n. Suppose -18 = -p*t - 2*u, -4*t - 2*u + 0*u = -16. What are the prime factors of t?
2
Suppose -7*l = -2*l. Suppose l = 3*u - 4*u + 23. List the prime factors of u.
23
List the prime factors of 130/14 - 14/49.
3
Suppose 2*z + 2 = 0, -3*l = 4*z - 6 + 28. Let d = 14 + l. Let k = 0 + d. What are the prime factors of k?
2
Suppose 15 = 5*t - 10*t. Let n be 80/6 - (-4)/6. Let y = t + n. What are the prime factors of y?
11
Suppose 2 + 3 = -5*s. Let d(b) = -2*b**2 + 2*b. Let l(r) = -r**3 + r**2 - r. Let g(p) = s*l(p) + d(p). What are the prime factors of g(3)?
3
Let v(o) = 0 + 2*o + 1 - o. Suppose 0*b - 2*b = -6, 5*f - 30 = -5*b. What are the prime factors of v(f)?
2
Suppose -141 = -9*q + 6*q. List the prime factors of q.
47
Let q(m) = 5*m**2 + 3*m + 3. Let x = 3 - 5. What are the prime factors of q(x)?
17
List the prime factors of (-9)/6*(-10)/3.
5
Let p(i) = -i - 4. Let b be p(-3). Let g(w) = -w + 1. Let c be g(0). What are the prime factors of c*9 + (1 - b)?
11
Suppose 3 = p, -4*t - 3*p + p = 290. Let j = t + 106. List the prime factors of j.
2
Let g be (0/(-3) - 1) + 6. Suppose -5*v - g + 15 = 0. Let o = v - -4. What are the prime factors of o?
2, 3
Let o(x) = -15*x**3 - 3*x**2 - 2*x - 3. What are the prime factors of o(-2)?
109
Let f(x) = -3*x**2 + 25*x - 5. What are the prime factors of f(7)?
23
Suppose 0 = -5*h + 2*q + 460, 0 = 2*h - 0*h + 3*q - 203. List the prime factors of h.
2, 47
Suppose 6*l - l = 120. Let t = l - 10. List the prime factors of t.
2, 7
Suppose -10*p + 2752 = -818. List the prime factors of p.
3, 7, 17
Let y be (3/9)/(1/12). Suppose -40 = -5*l - 5*v, 15 + 5 = y*v. Suppose 3*g - 35 = -2*o, g + l*g - 54 = o. What are the prime factors of g?
13
Let m = -38 - -68. Suppose -3*n + 37 = 2*x + 2, -60 = -5*x - 2*n. Suppose x = -5*c + m. List the prime factors of c.
2
Let p(w) = -w**2 + 29*w + 9. What are the prime factors of p(24)?
3, 43
Let d = -2 + 9. Suppose 3*c + 50 = 5*x - c, -5*c = -4*x + 40. Let y = x - d. List the prime factors of y.
3
Let p = 6 - 4. What are the prime factors of p?
2
Let g(p) = -p**2 + 6*p - 3. Let r be g(5). Suppose 5*w = -8 - r. List the prime factors of 1/w*-20 - 0.
2, 5
Let n(v) = v**2 - 3*v - 5. Let j be n(6). Let w = j + -4. Let b = w + -7. List the prime factors of b.
2
Suppose 5*q + 2*o = 337, 2*q - 4*o = -0*q + 154. Suppose 3*b - 25 - 8 = -3*n, -3*n = -b + 31. Suppose -q = -5*l + b. What are the prime factors of l?
17
Suppose 5*x = -0*z + z + 143, 87 = 3*x - z. Let h = x + 2. What are the prime factors of h?
2, 3, 5
Let g = -15 + 27. Let q be 1/6 + 58/g. Suppose 3*k + 4 = q*k. List the prime factors of k.
2
Suppose 0 = 5*k - 20. Suppose k*n - 14 = -42. Let c = -2 - n. What are the prime factors of c?
5
Let m = -8 - -13. Suppose -42 = -3*d - 3*k, -3*k = -m*d + 8 + 78. List the prime factors of d.
2
Suppose 0 = -4*v - 4*q, -3*v - 5*q - 24 = -4*v. List the prime factors of v.
2
Let u be 3/(((-9)/6)/(-1)). Let a(m) = 1 + 3*m**2 + u - m**3 + 0. What are the prime factors of a(3)?
3
Let j be (-8)/12 - (-742)/6. Let o = -73 + j. What are the prime factors of o?
2, 5
Let v be (-70)/(-3) - 22/(-33). Suppose -2*w + v = -0*w. What are the prime factors of w?
2, 3
Suppose 0 = -4*r + 21 + 23. What are the prime factors of (1*17)/(r/22)?
2, 17
Suppose 3*p + 2 - 8 = 0. Suppose -p*l + 2 + 2 = 0. What are the prime factors of l?
2
Let q(l) = 11*l**2 - l - 1. List the prime factors of q(-3).
101
Let g = 9 - 1. Suppose -g - 1 = -3*v. What are the prime factors of v?
3
Suppose -2*p + 39 = -15. List the prime factors of p.
3
Let i(z) = z**3 - 10*z**2 + 10*z + 27. What are the prime factors of i(11)?
2, 3, 43
What are the prime factors of 0 + (-3 - 1) - (-296)/2?
2, 3
Suppose 7*n = 4*n + 3*h, -3*h = -9. List the prime factors of n.
3
Let z = -21 - -23. Suppose n - 141 = -z*n. What are the prime factors of n?
47
Let n(a) = 4*a - 1 + 12 + 3*a**2 - 11*a - 4*a**2. What are the prime factors of n(-6)?
17
Let w be 55/2 + (-3)/(-6). Suppose -2*a = -4*r + 22, -4*r = 4*a - 0*a - w. List the prime factors of r.
2, 3
Suppose j = 3*q - 0*j - 257, j = 1. What are the prime factors of q?
2, 43
Let k(z) = -20*z**2 - 3*z - 1. Let y(t) = -41*t**2 - 7*t - 2. Let g(l) = -7*k(l) + 3*y(l). Let h be g(1). Let m = -9 + h. List the prime factors of m.
3
Let a = 2 + 4. Let m be (3/(-2))/(a/(-8)). List the prime factors of (-13 + m)*(1 - 2).
11
Let h(w) = 170*w**2 - 1. What are the prime factors of h(-1)?
13
Let l(o) be the third derivative of -o**5/60 - 5*o**4/12 - 7*o**3/6 + o**2. List the prime factors of l(-7).
2, 7
Suppose -4*l - 2*g + 0*g + 8 = 0, -2 = g. Suppose -240 = 3*a - 6*a. List the prime factors of (l/4)/(5/a).
2, 3
Let a be (-3)/9*1*-15. Suppose -a*v = -7 - 88. List the prime factors of v.
19
Let z = -17 + 51. What are the prime factors of z?
2, 17
Let m(y) = -y**3 - 4*y**2 + y. Let s(l) = l - 11. Let k be s(8). Let h be m(k). Let o = h - -17. What are the prime factors of o?
5
Suppose 3*v - 30 = -2*v. Suppose 3*l + 5*u = v, -5*u = -4*u + 3. What are the prime factors of l?
7
What are the prime factors of 66/1 + (-4 - 0)?
2, 31
Suppose g + 3*j - 13 = -3*g, 0 = -3*g + 2*j + 14. List the prime factors of ((-1)/2)/(g/(-120)).
3, 5
Let t = 43 - 25. Suppose 3*b - g = 3*g + 32, -g - t = -2*b. List the prime factors of b.
2
What are the prime factors of 1/(-3) + 1974/63?
31
Let s = -3 - -7. Let a(c) = -4*c - 3 - s*c + 9 + 6*c. What are the prime factors of a(-6)?
2, 3
Suppose 2*h + 1 = -3*t, -t = 3*t - 4*h - 12. List the prime factors of -1 - 6/((-1)/t).
5
Suppose 3*q = -q. Suppose -3*n + 48 = -q*d + 3*d, -2*d + 8 = -4*n. List the prime factors of d.
2, 3
Suppose -4*n - 96 = -536. What are the prime factors of n?
2, 5, 11
Suppose -3*t = -7*t + 3*c + 115, 4*c = 3*t - 81. List the prime factors of t.
31
Suppose 3*h + 6 + 6 = -4*y, 4*h = -4*y - 12. Suppose h = -m - 2*m + 48. List the prime factors of m.
2
Let m = -38 - 10. Let n = m + 86. What are the prime factors of n?
2, 19
Let t(g) = g**3 - 7*g**2 + 3*g - 2. Let c be ((-2)/4)/((-12)/168). What are the prime factors of t(c)?
19
Suppose -2*s - 4 = 4*l, -3 = 3*s + 4*l - 1. Suppose 5*f = 2*i + 13, 2*i - 5 = f + s. Suppose -i = -r - 1. What are the prime factors of r?
5
Let g = -13 - -15. What are the prime factors of g?
2
Suppose 43 + 29 = 3*q. List the prime factors of q.
2, 3
Suppose h = 2*f + 4*h - 68, -f + 2*h + 27 = 0. List the prime factors of f.
31
Let g be (-4)/22 + (-93)/33. List the prime factors of ((-2)/(-5))/(g/(-45)).
2, 3
List the prime factors of 507/24 - (-1)/(-8).
3, 7
Let h(p) = p**3 - 7*p**2 + 6*p + 6. Let f be 0/((3 + -1)/(-2)). Suppose 0*q + 3*q - 18 = f. List the prime factors of h(q).
2, 3
List the prime factors of -51*(2 + -3) + -1.
2, 5
Let n(r) be the second derivative of r**3/2 + 3*r**2/2 + 3*r. List the prime factors of n(4).
3, 5
Suppose -4 + 19 = 5*b. Suppose 0 = -l - 3*l + b*g + 196, -2*g - 98 = -2*l. List the prime factors of l.
7
Let u = 174 - 115. List the prime factors of u.
59
Suppose 0 = 22*x - 2064 - 1522. List the prime factors of x.
163
Suppose -209 - 836 = -19*v. List the prime facto